y 13.
3
Suppose -3 - 45 = -4*s. Suppose -7*i - 5*i = -972. What is the remainder when i is divided by s?
9
Let w be (2/1)/(25/150). Suppose 153 + 159 = w*q. What is the remainder when q is divided by 9?
8
Let f(w) = 4 + 2*w**2 + 4*w - 7 - 2*w - 2. Calculate the remainder when 69 is divided by f(-5).
34
Let x(t) = 864*t**2 + 12 - 8*t - 433*t**2 - 432*t**2. Let v(k) = k. Let s be v(-7). What is the remainder when x(s) is divided by 3?
1
Let d = -3 - -2. Calculate the remainder when ((-23)/(-3))/(d/(-6)) is divided by (-2)/14 + 13/(1001/1243).
14
Let f(d) = 42*d**2 - 5*d + 6. Calculate the remainder when 128 is divided by f(1).
42
Let c = 9 - 10. Let t(n) = -n**3 + 2*n**2 - n - 1. What is the remainder when 3 is divided by t(c)?
0
What is the remainder when 2934/36 + (-3)/(-6) is divided by 14?
12
Suppose -20 = h - 6*h. Suppose -t = 2*d - 0*d + 16, -h*d - 52 = -3*t. Let a(k) = k**2 + 4*k - 4. What is the remainder when a(d) is divided by 15?
11
Calculate the remainder when 7/(13/(-871)*(1 + -2)) is divided by 118.
115
Let j(d) = 237*d + 1. What is the remainder when j(1) is divided by 11?
7
Let n = -19 + 24. Suppose -n*c - 3*g = -269, -24 + 85 = c + 3*g. Suppose 5*z - 192 = -c. What is the remainder when 109 is divided by z?
25
Suppose 6*h - 5*s = 5*h - 23, 2*h - 5*s = -21. Let r be -4 + 3 - (1 - -2)/(-3). Calculate the remainder when r + 3 + (-27)/(-3) is divided by h.
0
Suppose 0 = -3*v + 14*v - 22. Suppose 2*s = 5*i - 170, -4*i - s + v*s + 133 = 0. What is the remainder when 187 is divided by i?
27
Suppose -102*a + 10028 = -13024. What is the remainder when 238 is divided by a?
12
Let x(p) = p**3 + p**2 - 13. Let j be x(0). Let s(i) = -3*i + 3. Let m be s(2). Calculate the remainder when 110 is divided by (j - m)*(-14)/5.
26
Suppose 5*v + 5 = 40. Suppose -4*q - 29 = -n, -2*n = -5*q - 64 + 3. What is the remainder when n is divided by v?
5
Let z(r) = 2*r + 3*r**3 + 0 - 3*r**3 + 4*r**2 + r**3 + 7. Calculate the remainder when 19 is divided by z(-3).
9
Suppose 5*z + 64 - 564 = 0. Calculate the remainder when z is divided by 35.
30
Let o be 9195/55 + 2/(-11). Let k = o - 345. Let m = k + 268. Calculate the remainder when m is divided by 31.
28
Suppose -q + 4*f + 41 = -28, 0 = -3*q + f + 163. What is the remainder when q is divided by 30?
23
Suppose 2*b + 0 = -5*j - 26, 0 = b + j + 10. Let h = b + 39. What is the remainder when 59 is divided by h?
28
Let b = 63 + -40. Suppose 4*v - 5*k - 11 = 6, -11 = -4*v - k. Suppose 3 = -3*u - 9, v*l - 31 = -2*u. Calculate the remainder when b is divided by l.
10
Let d(a) = -a**3 - 21*a**2 - 5*a + 22. What is the remainder when d(-21) is divided by 38?
13
Suppose -d + 15 + 91 = 0. Calculate the remainder when d is divided by 28.
22
Let p(t) = t**3 - 14*t**2 - 11*t + 22. Calculate the remainder when p(15) is divided by 29.
24
Suppose 818 = -2*d - 282. What is the remainder when 110 is divided by 5/15 - d/15?
36
Let x(z) = 17*z + 53. Let v be x(6). Suppose 4*o + h - v = 0, 6*h + 175 = 4*o + 3*h. Calculate the remainder when 118 is divided by o.
38
Suppose k = 5*p - 4*k - 410, -3*k - 74 = -p. Calculate the remainder when ((-8)/16)/((-1)/p) is divided by 17.
9
Let p(v) = -12*v + 214. Suppose -q + 0*q = -17. Calculate the remainder when p(11) is divided by q.
14
Let g(z) = -z**3 - 11*z**2 - 3*z + 6. Let c(y) = -1. Let x(f) = 2*c(f) - g(f). What is the remainder when x(-10) is divided by 7?
6
Let x be (-9)/(-4) + (-3)/(-4). Let n be x/((-3)/115) + 1. Let o = -33 - n. Calculate the remainder when o is divided by 14.
11
Suppose 3*y = -y + 5*x + 17, -5*x = 5. Suppose -4*p - 4*l = -144, 8*l = 2*p + y*l - 86. Calculate the remainder when p is divided by 20.
18
Let x = -808 - -836. What is the remainder when 111 is divided by x?
27
Let q(i) = -i**3 - 10*i**2 - 9*i - 14. Let l be q(-10). Let k = -29 + l. What is the remainder when k is divided by 16?
15
Let f(o) = -o**3 - o**2 - 17*o - 43. What is the remainder when f(-5) is divided by 73?
69
Let b be 45/36 + (-2)/8. Calculate the remainder when 9 is divided by 5 + 1 + b + -4.
0
Let k be ((1 + -2)*11)/(0 + 1). Let g = k - -21. Calculate the remainder when g is divided by 7.
3
Let z(b) = -b**2 + 6*b. Let j be z(5). Calculate the remainder when 3 is divided by (j + -6)/((-1)/3).
0
Suppose 5*u + 59*d - 506 = 55*d, -380 = -4*u + 3*d. What is the remainder when u is divided by 27?
17
Let c(x) = -2*x - 3. Let p be c(1). Let q = 43 - p. What is the remainder when q is divided by 17?
14
Suppose 0 = 4*d + d - 10. Let a be 168/(-16)*(-8)/6. Suppose 0 = 3*m + 4*m - a. Calculate the remainder when m is divided by d.
0
Suppose -17*v - 255 = -6290. What is the remainder when v is divided by 45?
40
Suppose -5*v = 85 + 30. Let l = -20 - v. Let a(c) = c**2 + 4*c - 2. What is the remainder when l is divided by a(-5)?
0
Suppose 2*h = -8, 5*h = 6*u - 9*u + 4. Let q(z) = 4*z - 9. Let f = 11 + -5. Calculate the remainder when q(f) is divided by u.
7
Suppose -8*u - 16 = 24. Calculate the remainder when 19 is divided by 8 + (2/4)/(u/40).
3
Let s(z) = 6*z**2 + 7*z. Suppose -3*m + 520 = 10*m. Calculate the remainder when s(-5) is divided by m.
35
Let u(m) = -77*m + 1407. Suppose -3*w + 303 = 3*t, -3*w - 202 = -4*t - 512. What is the remainder when w is divided by u(18)?
18
Let o be (-76)/3 + 3 + (-55)/15. Let h = 42 + o. What is the remainder when 30 is divided by h?
14
Suppose -h + 0 = 14. Let o = 113 - 55. What is the remainder when o is divided by h/49 - 214/(-14)?
13
Let t(v) = 2*v**2 + 2*v - 1. Let s be t(3). Suppose 0 = -4*g + 9 + s. Let q = -10 - -24. Calculate the remainder when q is divided by g.
6
Suppose 0 = 3*q + 2 - 29. Let d(j) = j**2 + 10*j + 36. Calculate the remainder when d(-3) is divided by q.
6
Let z(p) = -2*p - 3. Let g be (-10)/(-2) + 2/14*0. Suppose r + 28 = g*o, 0 = -o + r + r + 11. Calculate the remainder when o is divided by z(-2).
0
Suppose -16 = -2*n + 3*j, -3*n = -5*j - 24 - 1. Suppose 11*z = 6*z - n. What is the remainder when 19 is divided by (-1)/(-1) - -9 - z?
8
What is the remainder when ((101 - 8) + 10)*(2 - 1) is divided by 17?
1
Let k(g) = 2*g**3 - 2*g**2 + g - 4. Suppose 4 = -0*f + 4*f. Let i = f - -2. What is the remainder when k(i) is divided by 9?
8
Let z = -265 + 307. Calculate the remainder when 163 is divided by z.
37
Suppose -2*z = -6*l + 2*l + 64, 0 = -l - 3*z + 30. Suppose 0 = -o - 5*g - 2 - 0, g = -2*o + 14. Calculate the remainder when l is divided by o.
2
Let s = 1007 + -993. What is the remainder when 134 is divided by s?
8
Suppose -4*l = -36 + 300. What is the remainder when l/(-4)*8/3 is divided by 29 + 57/((-1539)/540)?
8
Suppose -1 = 3*b - 4*c - 8, 2*b - 4*c + 2 = 0. Suppose 24 = -7*d - 109. Let l = 54 + d. What is the remainder when l is divided by b?
8
Let x = -207 - -202. Let h = -5 + 17. Let p = h + x. What is the remainder when 27 is divided by p?
6
What is the remainder when 91 is divided by (-1680)/(-56) + 4 + -2?
27
What is the remainder when 61 is divided by 3*(-372)/(-90) + (-3)/(-5)?
9
Let m(s) = -11*s - 5. What is the remainder when ((6/(-4))/(77/(-1056)))/(48/168) is divided by m(-4)?
33
Suppose 2*u = -3*x + 97, 0 = u - 6*u - 4*x + 225. Calculate the remainder when u is divided by 18 - (0 + 6 + 1*-4).
9
Suppose 5*s - 460 = -160. Calculate the remainder when 958 is divided by s.
58
Let p(y) = -2*y**3 - 35*y**2 + 15*y - 53. Let n = 2 - 1. What is the remainder when p(-18) is divided by n?
0
Calculate the remainder when (614/(-3)*-3)/(8 - 6) is divided by 63.
55
Let a = 140 - 65. Calculate the remainder when a is divided by (-19)/(-2)*(6 - 4).
18
Let y be (30/(-25))/(2/120). Let i = 111 + y. Calculate the remainder when i is divided by 10.
9
Let r(d) = -d**3 - 3*d**2 + 6*d + 1. Let s(h) = -h**2 + h. Let o(w) = r(w) + 3*s(w). What is the remainder when o(-8) is divided by (0 + -29)*(4 + -5)?
28
Let h be 2*(-2)/(-12)*39. Suppose 1 = 5*u + 3*p, 3*p = -4*u - 2*p - 7. Suppose -u*c = -c - h. Calculate the remainder when c is divided by 8.
5
Let y = -1178 - -3482. What is the remainder when 147 is divided by (-4)/14 - y/(-224)?
7
Let r(q) = -23*q - 68. Let w be r(7). Let a = -102 - w. Calculate the remainder when a is divided by 32.
31
What is the remainder when 309 is divided by (-9)/12 - (-348)/16?
15
Suppose -1 = 3*y - 13. Suppose -i -